*d - 1. Let j be b(w). Suppose 0 = j*c - 1002 + 57. List the prime factors of c.
3, 5
Let v(k) = 2*k**2 - k - 8. Let d be v(-4). Suppose -f + 32 = -d. Suppose 0 = 5*r + 5*c - f, -r + 5*c = 2*r - 20. What are the prime factors of r?
2, 5
Let m be 2 - 24 - (-8 + 0). Let i(l) = -128*l - 88. List the prime factors of i(m).
2, 3, 71
Suppose -4*r = -0*m - 4*m - 17736, -2*m = 4*r - 17712. What are the prime factors of r?
2, 5, 443
What are the prime factors of 14/4*(244/6)/((-7)/(-84))?
2, 7, 61
Suppose 86*v - 244*v + 9623927 = 2795167. What are the prime factors of v?
2, 5, 2161
Suppose 1023 = 5*h - 1222. Suppose 2*f + 4*v = 4, -338*f + 342*f - 12 = -4*v. Suppose 0 = -f*g + 127 + h. What are the prime factors of g?
2, 3
Suppose -11*f + 16*f - 600 = 0. Suppose -116*g + f*g = 796. What are the prime factors of g?
199
Let c(r) = r**3 + 8*r**2 + 4*r + 2. Suppose 21 = k + 28. Let u be c(k). Let x = 42 - u. What are the prime factors of x?
19
Let a = -37 - -36. Let h(l) = -476*l**3 + l. Let m be h(a). Suppose m - 11 = 4*c. List the prime factors of c.
2, 29
Let m = -1361 + 8728. What are the prime factors of m?
53, 139
Let i be 2*2 - (-1 + 32/(-2)). Suppose 16*q = i*q - 1615. What are the prime factors of q?
17, 19
Suppose -4*i - 2*r = -4192, 4*i + 0*i - 5*r = 4220. Suppose -15*q + 12*q = -i. Let p = q - 215. What are the prime factors of p?
3, 5
Suppose -12648 + 556444 + 277492 = 26*d. What are the prime factors of d?
2, 53, 149
Let f be (-7 - -8)/(2/776). Let n = f + -263. Let k = n + -42. List the prime factors of k.
83
Let c(i) = 21*i**3 - 3*i**2 - 8*i + 26. Let u be 8/(-4)*1 + 5. What are the prime factors of c(u)?
2, 271
List the prime factors of (658095/73)/(2 + -1).
3, 5, 601
Let a(o) = 143*o + 139. Let i be a(7). Let m = i - 348. What are the prime factors of m?
2, 3, 11
Let i(b) = -41*b + 325. Let z(s) = -7*s - 1. Let n(t) = -i(t) + 3*z(t). List the prime factors of n(37).
2, 103
Suppose j - k = 480, -4*j + 2563 - 661 = -k. List the prime factors of j.
2, 3, 79
Let z(h) = 160*h + 756. List the prime factors of z(16).
2, 829
Let w(f) = -2*f + 3*f + 63*f**2 + f**3 + 6 + 11 - 44*f**2. Let i be w(-19). List the prime factors of 67 + -3 - (i + (2 - -2)).
2, 31
What are the prime factors of ((-1248)/(-42))/(50/118475)?
2, 13, 677
Suppose -5*p + 10 = 0, 3*c - 10 = 4*p - 0. Let g(k) be the first derivative of 7*k**2/2 - 37. What are the prime factors of g(c)?
2, 3, 7
Suppose 261*d - 2322 = 218*d. Suppose 39 = h + 3*q, -35 = -4*h + 3*q + 61. List the prime factors of -6*30/h*d/(-4).
2, 3, 5
Suppose 0 = 90*x + 18*x - 904074 + 35214. What are the prime factors of x?
5, 1609
Suppose -82*s = 3*l - 80*s - 27312, -5*l - 3*s = -45521. What are the prime factors of l?
2, 29, 157
Suppose 16 = 4*b, 4 = 2*w + 5*b - 24. Suppose 80 = 2*h + 4*p, 9*p + 185 = 5*h + w*p. List the prime factors of h.
2, 19
Suppose -3*j - 15 = 0, -14*j = 3*l - 12*j - 3983. What are the prime factors of l?
11
Let t(n) = 1034*n + 2048. List the prime factors of t(79).
2, 7, 5981
Let w(b) = -7640*b - 89. Let u be w(-3). Suppose -u = -30*n + 13169. List the prime factors of n.
2, 3, 5
Let z(t) = -9*t - 25. Let o be z(-3). What are the prime factors of ((-9)/o + 2)*(-20 + 0)?
2, 5
Suppose 5*s = 9*s + 4*s - 14824. List the prime factors of s.
17, 109
Suppose 0 = 3*p + 82 - 94. Suppose 4*z - 16 = -p*c, 0 = 2*z - c + 2*c - 12. Suppose -10*v + 222 = -z*v. What are the prime factors of v?
3, 37
Suppose 4*h - 2*y = 45840, 5*y = -15 + 45. What are the prime factors of h?
3, 3821
Let w be (-14 - 1)*(-3 + 2). Suppose w*u = 18*u + 21. List the prime factors of (48/10)/(u/(-350)*2).
2, 3, 5
Suppose 0 = 3*s + s - 6068. Suppose 0 = 4*k + p - s, 9*k - 757 = 7*k - p. List the prime factors of k.
2, 5, 19
Suppose -28*m = -33*m + 240. Let i = m - -725. List the prime factors of i.
773
Let a(z) = -10*z + 15. Suppose 0 = 6*t - 49 + 19. Let y be a(t). What are the prime factors of (y/14)/((-3)/102)?
5, 17
Let h be (-25)/(-3)*(216/(-6))/(-6). Suppose -h*o - 968 = -54*o. List the prime factors of o.
2, 11
Suppose 0 = 22*g - 17*g - 905. Let k = 156 + g. Suppose 335 = 3*b - 2*h, k = 5*b - 2*b - h. What are the prime factors of b?
113
List the prime factors of (2772/(-1540))/(3/(-54070)).
2, 3, 5407
Let s(y) = y**3 - 8*y**2 - 8*y + 10. Let f(u) = -u**2 - 21*u - 29. Suppose 3*z + 32 = 5*o - 35, 0 = z + 4*o + 11. Let d be f(z). List the prime factors of s(d).
19
What are the prime factors of 351117/26*100/45?
2, 5, 3001
Suppose 4*t - 188 = 4*w, 2*w - 25 = -t + 34. Suppose x - t = -2*i, -3*x + 231 = 2*x + 4*i. Let p = 81 - x. List the prime factors of p.
2, 19
Let m(d) = 89*d + 120. Suppose s + 2 = 1, 0 = f - 3*s - 7. List the prime factors of m(f).
2, 7, 17
Suppose -2*c = c + 3. Let z(d) be the third derivative of 77*d**5/60 - d**4/24 - 15*d**2 - 1. What are the prime factors of z(c)?
2, 3, 13
What are the prime factors of ((-16452)/20)/((18/(-80))/((-45)/(-60)))?
2, 3, 457
Let c be 3 - (6/(-8) - (-7)/(-28)). Suppose c*j = -x + 211, 216 = 2*x - x + 5*j. Let o = x - 79. List the prime factors of o.
2, 7
Let j = 582 - 1722. Let s = -681 - j. What are the prime factors of s?
3, 17
Let a = 102 - 100. Suppose -4*y = -3*c - 74, a*c = 4*y + 4*c - 64. Let f = y - -48. What are the prime factors of f?
5, 13
Suppose -15*a = 5*g - 12*a - 62277, a - 24910 = -2*g. Suppose 41*x - 4726 = g. What are the prime factors of x?
419
Let r = -46 + 148. Suppose 2*y = r - 16. List the prime factors of y.
43
Let x(b) = -814*b - 381. List the prime factors of x(-12).
3, 7, 149
Suppose d - 48*h + 43*h - 47494 = 0, 0 = 5*d - 7*h - 237488. List the prime factors of d.
3, 71, 223
Let j = 2856 - -125. Suppose -10*r - j = -17871. List the prime factors of r.
1489
Let v = 20 - 25. Let k be -4 + (v - -4)*-9. Suppose -3*p - 81 = 4*r - 332, 2*r = -k*p + 129. List the prime factors of r.
2, 31
Let h(c) be the first derivative of 2/3*c**3 - 31 + 147*c - 3/2*c**2. List the prime factors of h(0).
3, 7
Suppose 50*h + 728 = 64*h. Suppose h*y - 24*y = 40600. List the prime factors of y.
2, 5, 29
Suppose -5*i + 15 = -50. Let j(o) = 6*o**3 - 4*o**3 + 7 - 6*o - i*o**2 + 1. List the prime factors of j(7).
3, 5
Suppose 0 = -9*k - 29201 + 141989. List the prime factors of k.
2, 13, 241
Suppose -42686 = -4*y + 2*t, -15*t + 13*t + 10654 = y. What are the prime factors of y?
2, 3, 7, 127
Let h(v) = -6*v**3 - 195*v**2 + 46*v - 100. What are the prime factors of h(-35)?
3, 5, 11, 101
Let p = -2469 - -4059. Suppose -15*t + 25*t - p = 0. List the prime factors of t.
3, 53
Let s be 9/(-12) + 5916/16. Let i = 36 + s. What are the prime factors of i?
3, 5
Let d be (-4)/6*105/5. What are the prime factors of 21 + d - (2 - (1 + -1))?
5
Suppose 6*h - 13*h = -11690. Suppose 11*u - 22273 = -h. What are the prime factors of u?
1873
Let t(h) = 1115*h - 2747. What are the prime factors of t(7)?
2, 3, 281
Let z(m) = -20*m + 18. Let q(b) = b**2 + 22*b + 14. Let v be q(-21). Let r be z(v). Suppose -5*j - a + r = 0, 2*j + a = 3*a + 56. List the prime factors of j.
31
Let w = -39 + 40. What are the prime factors of (w - 4) + 220 + 8/(-4)?
5, 43
Suppose 12*x - 92794 - 107426 = 0. List the prime factors of x.
5, 47, 71
Let b(a) = -7441*a + 113. List the prime factors of b(-1).
2, 3, 1259
List the prime factors of ((-103565)/440)/((-4)/32).
7, 269
Let q = 199273 + -131842. What are the prime factors of q?
3, 7, 13, 19
Let v = -15029 - -15050. What are the prime factors of v?
3, 7
Let i(k) = -335*k + 1941. List the prime factors of i(-8).
4621
Let x = 19 - 62. Let j = 60 + x. Suppose -8*v - j = -105. What are the prime factors of v?
11
Let g = 29 + -25. Suppose g*l - 34 = 82. Suppose 297 = -l*i + 32*i. List the prime factors of i.
3, 11
Suppose -3*s + 26 = -2*l, 5*l + 19 = 2*s + 2*l. Suppose -s*x - 384 = -11*x. Let q = -116 + x. What are the prime factors of q?
2, 3
Let v = 14 + -27. Let g = v + 16. Suppose 0 = -5*a - 5, -o - g*o - a = -247. What are the prime factors of o?
2, 31
Let k(t) = -121*t + 567. List the prime factors of k(3).
2, 3, 17
Let b(u) = -u**2 + 32*u - 4. Let w(v) = v**2 + 24*v + 46. Let f be w(-22). Suppose 0 = -5*m + g + 75, -f*m + 24 = -m - 2*g. List the prime factors of b(m).
2, 31
Let d be 12/8*176/66. Suppose d*q = 1965 + 4007. What are the prime factors of q?
1493
S